. Let y(a) = s*j(a) - 12*l(a). Suppose -15 = 2*t + 3*t. Determine y(t).
4
Let h(u) be the first derivative of -2*u**2 - 1 + 2*u + 1/3*u**3. Let q be (44 - 38)*(5/2 + -2). Give h(q).
-1
Let m(z) = -z**3 + 6*z**2 + 7*z. Let k = -113 + 120. Give m(k).
0
Let i be (9 - (1 + 2))*-1. Let o(l) = 1. Let z(d) = d + 1. Let a(u) = i*z(u) + 5*o(u). What is a(-1)?
5
Let i(y) = y**3 + 3*y**2 - 3*y - 2. Suppose -2*d + 4 = -5*q - 3, 0 = -2*d + q - 5. Calculate i(d).
-6
Let i(o) be the second derivative of o**5/20 - 2*o**4/3 + o**3 - 7*o**2/2 + 6*o. Give i(7).
-14
Let l(c) be the first derivative of c**4/4 + 4*c**3/3 - 3*c**2 - 7*c + 1. Let p = 10 + -15. Give l(p).
-2
Suppose 10 = 3*x + 4. Let s(v) = -2 - 1 - 3*v + 0*v + x. Suppose -5*u - 3*f = 12, -2 = -u - 5*f - 0. Determine s(u).
8
Let w(x) = -4*x**3 - 2*x**3 + 2*x - x**2 + 4*x**2 - 7. Suppose -5*d = -2*d - 18. Let n(s) = 5*s**3 - 2*s**2 - s + 6. Let r(z) = d*w(z) + 7*n(z). Determine r(5).
0
Let j(o) = o - 8. Suppose -2*z = -7*z - 10. Let w be (3/z)/(5/(-10)). Let l be (0*w/(-9))/2. Calculate j(l).
-8
Let t(j) = 4*j**3 + 4*j**2 - 3*j + 4. Let c(d) = -d**3 - d**2 - 1. Let r(y) = 3*c(y) + t(y). What is r(2)?
7
Let j(d) = 5*d**2 - 5*d + 1. Let k(h) = 9*h**2 - 9*h + 2. Let f(g) = -7*j(g) + 4*k(g). Calculate f(1).
1
Let n(w) = 3*w**3 + 2*w**2 + 2*w - 2. Let h(k) = -4*k**3 - 2*k**2 - 2*k + 3. Let x(y) = -4*h(y) - 5*n(y). Give x(3).
1
Let a(v) = -7*v - 3 + 78*v**2 + 4 - 79*v**2. Suppose 2*z + 50 = 5*g - 0*g, z - 3 = -g. Let p = 5 - g. Give a(p).
13
Let t(f) = 2*f**3 - 3*f**2. Let y be 121 - ((0 - -2) + 0). Let k be 6/(-39) + y/13. Suppose k = 3*i + 3*r, -r + 4*r = i + 1. Give t(i).
4
Suppose -4 = -4*b + 4. Suppose q = 4 - b. Suppose -r + 11 = -2*g, 1 = 3*r + q*g + 8. Let i(v) = 2*v**2 - 2*v + 1. Calculate i(r).
1
Let n be 1*5/(-2)*-2. Let m = 6 - n. Let j(a) = -7 - 4*a + a + m + 7. Give j(1).
-2
Let d(z) = 1. Let n(f) = f + 9. Let c(a) = 3*d(a) - n(a). Let q be -2 + 1 + -1 + 2. Calculate c(q).
-6
Let n = 12 + -8. Let g be (-2 + 3/2)*n. Let x(q) = -2*q - 3. Determine x(g).
1
Let c(i) = -6*i**2 + 7*i + 2. Let r(n) = 5*n**2 - 6*n - 1. Suppose -6*u + 3*u = 21. Let l(g) = u*r(g) - 6*c(g). Give l(4).
11
Let n(x) = -2*x**2 + 11 + 6*x - x**3 - 7 - 1. Calculate n(-4).
11
Let j(r) be the second derivative of r**3/6 - 3*r**2/2 + r. Let z = -3 - 2. Let n = z + 5. Calculate j(n).
-3
Suppose 5*k + 12 = k. Let i(y) be the first derivative of -1 + 4*y - 4/3*y**3 + 1/2*y**2 - 1/4*y**4. Calculate i(k).
-8
Let p(f) = f**2 - 4. Let y(c) = 0 - c + 3 + c - 3*c. Let i be y(2). Give p(i).
5
Let t(b) = 7*b**3 + 23*b**2 + 16*b + 5. Let n(l) = 10*l**3 + 34*l**2 + 24*l + 8. Let m = 23 - 18. Let h(d) = m*n(d) - 7*t(d). Give h(-8).
5
Let d(h) = -h**3 - 3*h**2 + 4*h + 2. Let x(k) = -3 + 2*k**3 + 2*k**2 - 3*k**3 + k - 4*k**2. Let l be x(-3). Let r = l - 7. What is d(r)?
2
Suppose -20 = j + 3*j, 0 = -3*h - 4*j - 29. Let a = h - -4. Let g(i) = -a + 0 - 2*i - 4*i. What is g(-1)?
5
Let m(o) = o**2 + 4*o + 1. Let d(z) = 2*z**2 + 9*z + 3. Let c(k) = 3*d(k) - 5*m(k). Let l = 18 + -21. Give c(l).
-8
Let w(x) = -x**2 + 6*x - 1. Let g = -5 + 10. Let j = 25 - g. Suppose 3*b + 2*b = j. Calculate w(b).
7
Let g(a) be the second derivative of -a**7/2520 - a**6/720 - 7*a**5/120 - a**4/6 + 2*a. Let q(l) be the third derivative of g(l). Determine q(0).
-7
Let i(c) = c + 1. Let x(z) = -3*z - 2. Suppose 4*v - t - 10 = 3, 5*v - 4*t - 19 = 0. Let s(w) = v*x(w) + 5*i(w). Calculate s(3).
-13
Let m = 15 + -7. Let v be 8*-2*(-2)/m. Let y(u) = 0 - 4*u + 4*u**2 - 2 - 3*u**2. What is y(v)?
-2
Let d be -2*1/(-2)*6. Suppose -d*v - 20 = -2*v. Let p(r) = r. Let a(y) = y**2 + 4*y + 6. Let x(t) = -a(t) - 4*p(t). Calculate x(v).
9
Let t = 56 - 59. Let k(r) = r + 2. Determine k(t).
-1
Let f(d) = -2*d - 8. Let i(j) = -5*j - 1. Let c be i(1). Let b be f(c). Let r = 1 + b. Let v(h) = -h**3 + 6*h**2 - 3*h - 6. What is v(r)?
4
Let l be 6/2 + 5 + 2 + -3. Let c(o) = -o**2 + 7*o + 6. Determine c(l).
6
Let w = 14 - 8. Suppose -p + i = -4*p + 17, 3*p - 37 = 4*i. Let s = w - p. Let k(a) = 3*a**2 - 1. Determine k(s).
2
Let b(h) = 4*h**3 - h**2 + h. Let y be b(1). Let d(k) = 5 + y + 0 - k. Calculate d(0).
9
Let r(h) = -8*h - 9. Let x(j) = -j**2 + 8*j + 8. Let n(o) = -4*r(o) - 5*x(o). Let z(v) = 11*v**2 - 17*v - 9. Let p(c) = 9*n(c) - 4*z(c). What is p(3)?
-3
Let s(z) = 12*z**3 - 2*z**2 - 2*z - 1. Let i be (-2)/(-16) + 5/((-40)/9). Calculate s(i).
-13
Let i(x) be the second derivative of -x**4/12 + 2*x**3/3 - 2*x**2 - x. Let n be 5/(-2)*112/(-70). Calculate i(n).
-4
Let a be (-1)/6 - 2/(-12). Suppose 3 = 5*x + 4*u, a*x + 2*x + 12 = 5*u. Let p(b) = 0 - 3*b**2 + 11*b**2 - 1. Determine p(x).
7
Let d be (-51)/(-18) + (-4)/(-4 + -20). Let b(o) = 3*o**2 - 4*o**2 + o**3 - 2*o**2. Determine b(d).
0
Let x be 3 + 0 + -3 + 2. Let a(i) = -5 - 5*i + 6 - i**2 - x. Calculate a(-4).
3
Let b(s) = -s**2 - 3*s + 6. Let z(q) = -5*q - 4. Let y be z(-7). Let l = -22 + y. Suppose -3*d = -l + 24. Calculate b(d).
-4
Let d(g) = g**3 - 12*g**2 - 13*g - 2. Let n be -16*(-3)/3 - 3. Give d(n).
-2
Let n(d) = d**2 + 4*d - 4. Let h(s) = s. Let f(c) = -3*h(c) + n(c). Let i(u) = 2*u - 1. Let j be i(2). Give f(j).
8
Let a(c) = 12*c + 3. Let o(l) = -4*l - 1. Let m(y) = 3*a(y) + 8*o(y). Determine m(1).
5
Let d(w) = 4*w - 5 - 10*w**2 + w**3 + 3*w + 3*w**2. Suppose -1 = -r - 0, 21 = 3*u + 3*r. What is d(u)?
1
Let n(r) = 4*r + 5. Let y(s) = -9*s - 11. Let t(m) = -5*n(m) - 2*y(m). Determine t(4).
-11
Suppose -c = 2*c + 9. Let y(x) = -6*x**2 - 5*x - x**3 + 0*x**2 + 1 - 5 + 3*x**2. Determine y(c).
11
Let n(g) = -g**3 + g. Let j be 3/2*((-2)/3 - -2). Determine n(j).
-6
Suppose -5*k + 2*v + 2 = -4, -6 = -3*v. Let g(m) = -2*m + 0 + 1 + 7*m + 3 - k*m**2. Determine g(4).
-8
Let h(t) be the second derivative of 1/24*t**4 + 1/2*t**2 + 0 - 1/60*t**5 + 1/6*t**3 - t. Let n(r) be the first derivative of h(r). What is n(-1)?
-1
Let x be (5 - 1)*3/2. Let i(y) = -2 - 5*y - 13*y**2 - 3 + 2 + 14*y**2. Determine i(x).
3
Let j be (-8)/3*12/(-8). Suppose j*w - w = 9. Let t(r) = -1 + 4*r + 0 - 3. Calculate t(w).
8
Let d(v) = -v**3 + 5*v**2 - 4*v + 5. Let u be d(4). Suppose -2*t + 0*t + 8 = 0. Let z(w) = 11*w - w**3 - 5*w + 0 + t*w**2 + 2. Give z(u).
7
Let c(w) = -2*w**3 - w**2 - 5. Let s(j) = j**3 + j**2 + 3. Let k(a) = 6*c(a) + 11*s(a). Calculate k(5).
3
Let z(y) be the first derivative of 1/24*y**5 + 3 - 1/8*y**4 + 1/3*y**3 + 1/360*y**6 + 0*y**2 + 0*y. Let r(i) be the third derivative of z(i). Give r(-5).
-3
Let t(o) be the first derivative of o**4/4 - 11*o**3/3 - 13*o**2/2 + 9*o + 19. Calculate t(12).
-3
Let f(t) = -t**3 - t**2 + 3. Let m(g) = g + 2. Let r be m(-2). Calculate f(r).
3
Let p(m) = -5*m**3 + m**2 + m - 1. Let d(t) = -t**2 - 4*t. Let i be d(-3). Suppose -3*z + v - 3*v = -19, -i*v + 3 = -4*z. Suppose -5*a + z = -2. What is p(a)?
-4
Let k(a) be the first derivative of -2*a**3/3 + 2*a**2 - 4*a - 1. Calculate k(3).
-10
Let a(i) = 9*i**3 + i**2 - 1. Let n(b) = b**3 + 2 + 15*b**2 - 3*b + 3*b - 3. Let j be n(-15). What is a(j)?
-9
Let u be 12/(2/(-4)*-2). Let k be -1*7/((-21)/u). Let q(f) be the first derivative of f**3/3 - f**2 + 2*f - 1. What is q(k)?
10
Let a(s) = -s - 4. Let u be a(-6). Suppose 12*n = 8*n. Let b(k) = n*k + k - u + 10. Give b(0).
8
Let j be (-4)/18 + 896/63. Let x(d) = j*d - 10*d - d**3 - 1 + 2*d**3 - 1 - 5*d**2. Give x(3).
-8
Suppose -2*x + 2*h - 12 = -4*x, -4*x - 3*h + 19 = 0. Suppose -x = -3*r + 2. Let i(s) be the third derivative of -s**5/15 - s**2. Calculate i(r).
-4
Suppose 3*m = -3*w - 3, -3*m + 0*m - w = -5. Suppose -j + m*a = -4, 4*j + 7 = -a - 3. Let i(o) = o**3 + o**2 - 2*o - 1. Determine i(j).
-1
Let k(x) be the second derivative of -x**3/6 + 3*x**2/2 + 5*x. Let p be 2/6 - 30/9. Calculate k(p).
6
Suppose -b + 2*b - 4 = 0. Suppose b*a + 2 = -3*c + 14, 3*a + 8 = 2*c. Let h(q) be the third derivative of q**5/60 + 5*q**3/3 + 2*q**2. Determine h(a).
10
Let z(t) = -t**2 + 4*t + 4. Suppose 0 = 10*g - 6*g. Suppose -5*a + a = -16. Let b = a - g. Give z(b).
4
Let n(m) = -164*m + 32. Let t(a) = 15*a - 3. Let q(x) = 3*n(x) + 32*t(x). Calculate q(1).
-12
Let r = 18 + -12. Let h(s) = -r + s - s**2 - s**3 - 2*s + 0*s. Calculate h(0).
-6
Let p be (-6 - (-1 - -2)) + -1. Let s be (-119)/28 - 2/p. Let v = 0 + s. Let t(n) = n**3 + 4*n